 3*o + 4. Let k(t) = r*q(t) + 3*j(t). What is k(g)?
-13
Let j = 5 + 1. Let g(u) = 2*u**2 + 7*u**3 + u + 22 + 5*u - 25. Let m(r) = 8*r**3 + 2*r**2 + 7*r - 4. Let f(a) = j*g(a) - 5*m(a). Give f(-2).
-8
Let r(f) = f**3 - 14*f**2 - 13*f - 29. Let p(y) = 3*y**2 + 62*y + 334. Let m be p(-11). Calculate r(m).
1
Let f(x) be the second derivative of -3/20*x**5 + 0 - 1/12*x**4 + 64*x + 0*x**3 + 0*x**2. Calculate f(1).
-4
Let o(a) = a**2 + 8*a - 2. Let n(b) = b - 30. Let r be n(28). Let k(i) = i**3 + 2*i**2 + 5*i + 1. Let d be k(r). What is o(d)?
7
Suppose -3*l - 18 = -3*z, z - l = -2*z + 10. Suppose -4*f - 16 = z*o, 0 = -o + 4*f + 22. Let y(m) = 4*m**2 - m**3 + 0*m**o - 3*m - 6 + 7. Calculate y(4).
-11
Let q(x) = -50*x + 760. Let o be q(15). Let u(f) = 3*f - 13. What is u(o)?
17
Let d(t) be the second derivative of t**5/20 + 5*t**4/12 + t**3/3 + 15*t**2/2 + 6*t - 5. What is d(-5)?
5
Let f = 5656 + -5648. Let z(k) = k**3 - 7*k**2 + 15*k - 189. What is z(f)?
-5
Let a(h) = -2*h**2 - 9*h - 13. Suppose 5*u = 49*u + 71 + 61. Give a(u).
-4
Let h be 4/(-6) + (-5)/(45/1713). Let y = 186 + h. Let k(u) be the second derivative of u**3/6 - u**2/2 + 3*u. What is k(y)?
-6
Suppose -3*u + 22 = -3*y + y, 3*u = -2*y - 46. Let v = -12 - y. Suppose 2*r = v*r - 3. Let l(n) = 14*n + 1. Determine l(r).
15
Let n be 2464 + (4 - 6 - 1). Let s(u) = -n*u + 2451*u + 0 + u**2 + 10. Calculate s(9).
1
Let s(g) = g + 5. Let w be s(11). Suppose w*m = 5*m - 11. Let x be (-29)/(-6) - m*4/24. Let i(a) = a**2 - 5*a + 6. Calculate i(x).
6
Let t(d) be the second derivative of -d**6/120 - d**5/40 - d**4/24 - 5*d**3/6 + 11*d**2/2 + 31*d. Let a(x) be the second derivative of t(x). What is a(-4)?
-37
Let q = 87868 + -87875. Let h(d) = d - 10. Let g(l) = l. Let i(o) = 4*g(o) - h(o). Calculate i(q).
-11
Let l(x) be the third derivative of x**6/120 + x**5/10 - x**4/8 - x**3 + x**2. Suppose -s + 63 = -4*n + 65, -3*s - 22 = 4*n. Give l(s).
12
Let r = -163 + 180. Let f(v) be the second derivative of v**5/20 - 17*v**4/12 + 5*v**2/2 - 201*v. Determine f(r).
5
Let x be -16 + (8/(-40))/(3/(-150)). Let r(q) = -2*q**3 - 13*q**2 - 11*q - 19. Determine r(x).
11
Suppose 2*p = 3*g - 6, -4*p + 1 + 15 = g. Suppose -129*c - 26 = g*q - 128*c, -5*q + 3*c - 41 = 0. Let h(b) = -3*b - 8. Determine h(q).
13
Suppose -6*f + d + 36 = -2*f, 2*d - 36 = -4*f. Let h(p) be the first derivative of -p**2/2 + 13*p - 6. Determine h(f).
4
Let z(i) = i**2 + 17 - 50*i - 3*i**2 + 9 + 53*i + i**2. Determine z(8).
-14
Suppose 0 = 80*f - 82*f - 5*s - 27, 0 = s + 3. Let g(q) = 6*q + 32. Give g(f).
-4
Let r(o) = 6*o**2 - 12*o + 7. Let m(s) = -4*s**2 + 8*s - 6. Let g(k) = -4*m(k) - 3*r(k). Suppose 0 = -3*l + 16 - 4. Give g(l).
-13
Let k(r) = 3*r**3 - 2*r**2 - 3*r. Let g(b) = 16*b**3 - 47*b**2 + 147*b - 66. Let v(z) = -g(z) + 5*k(z). What is v(32)?
2
Let k(s) be the first derivative of s**4/4 - 2*s**3/3 + s**2 + s + 1. Let a = 46722 - 46724. Determine k(a).
-19
Let s(r) = 4 + 2 - 42*r + 30*r + 25*r + 29*r. Give s(-1).
-36
Let q(n) = -10*n - 43. Suppose b + 40 = -2*b - 5*c, 4*b + 4*c + 48 = 0. What is q(b)?
57
Let o(t) = -t + 14. Let c = 48 - 24. Let n be (2*(-9)/(-24))/(6/c). Let b be n + (-11 + 14 - 8/(-2)). What is o(b)?
4
Let d = 7 + -3. Let g(v) = v**2 + d*v + 7*v - 9*v. Let n be (19 - 21)/(5/10). What is g(n)?
8
Let g(o) = -o**2 + 8*o + 9. Let h(l) = -4*l - 127. Let m be h(-34). Let i(q) = -20*q + 188. Let r be i(m). Calculate g(r).
9
Let o(l) be the second derivative of -l**5/20 - 7*l**4/4 + 3*l**2/2 - l + 58. Calculate o(-21).
3
Let v(i) = -6*i - 3. Let k be 277 + 4/(28/(-21)). Let u = -270 + k. Give v(u).
-27
Let f(q) be the second derivative of -q**5/120 + 19*q**4/24 + 5*q**3/3 + 3*q**2 - 96*q. Let i(k) be the second derivative of f(k). Calculate i(10).
9
Suppose -q + 0*q + 5*v = 0, 0 = 5*q - 2*v. Let f = -338 + 340. Let n(d) = d**f + 11 + d + d**3 - 2*d**2 + 28 - 25. Give n(q).
14
Let x(u) be the third derivative of u**6/60 - 19*u**5/60 + u**4/4 + 16*u**3/3 - 19*u**2 - 49*u. What is x(9)?
5
Let c = 7 - 37. Let k be (c/(-9))/((-6)/9). Let o(h) = -15 - 2*h + 22 - 13. Calculate o(k).
4
Let h(c) = 2*c + 5. Let r(q) = q + 6. Let j(p) = 3*h(p) - 2*r(p). Let o = 946 + -909. Suppose 0 = -8*a - o*a - 90. Give j(a).
-5
Let n(o) = -o**3 - 15*o**2 + 12. Let p(h) = 30*h + 675. Let s be p(-23). Give n(s).
12
Let n(z) = z**3 - 20*z**2 + 19*z - 34. Let i = 3217 + -3198. Determine n(i).
-34
Let g(y) = -8*y**2 + 17*y. Let n be g(2). Suppose -n - 16 = 18*z. Let o(u) = 29*u**3 + u**2 + u. Give o(z).
-29
Let p(s) be the first derivative of -17*s**2/2 + 986. Calculate p(-4).
68
Let w(r) = 7*r + 13. Let q(n) = -3*n - 6. Let b(h) = -9*q(h) - 4*w(h). Suppose 2*o - 141 = 5*o. Let f = -44 - o. Determine b(f).
-1
Let w(h) = -203*h + 416. Let g be w(2). Let x(o) = o**2 - 4*o - 54. What is x(g)?
6
Let o(x) = x**3 + 4*x**2 - 6*x + 5. Let l(u) = u**3 - 14*u**2 - 14*u - 10. Let m be l(15). Let t be (-16 - -6)/(-3 + m). Give o(t).
10
Let s(v) = -1. Let l(f) = -f - 8. Let n(h) = l(h) - 3*s(h). Let j(x) = x + 6. Let r = 5 + -9. Let w(c) = r*j(c) - 5*n(c). Calculate w(2).
3
Let f(v) = -v**2 + 19*v - 5. Let h be f(17). Let i(c) = -62*c - 6 + 34*c + h*c. Calculate i(4).
-2
Suppose -195 - 23 = -109*g. Let n(y) = y**3 + 2*y**2 - 9*y + 9. Calculate n(g).
7
Let t(w) be the first derivative of 6*w**3 + w**2 - w + 998. What is t(1)?
19
Let i(a) = -2*a**3 - 11*a**2 + 5*a + 1. Let b(z) = 2*z**3 + 18*z**2 + 15*z - 14. Let m = -505 + 497. Let v be b(m). Determine i(v).
7
Let r(g) = g**3 - 7*g**2 + 10*g + 6. Let m(p) = 43*p - 554. Let h be m(13). Give r(h).
6
Let o(z) = -4*z + 33. Let k be o(2). Suppose 2*y - 2*f + 9 - k = 0, f + 2 = 0. Let a(c) = 2*c**2 - 8*c. Calculate a(y).
24
Let q be 1*(-27)/189*(-2 + (-36)/(-32)). Let x(w) be the third derivative of 0*w + 0 - 1/2*w**3 + 9*w**2 + q*w**4. Determine x(2).
3
Let t(o) be the third derivative of o**8/6720 + o**7/5040 - o**6/180 + o**5/30 + 55*o**3/6 + 31*o**2. Let s(n) be the third derivative of t(n). Calculate s(-2).
6
Let y(k) = -17*k + 52 + 17 + 30 + 13*k. Calculate y(21).
15
Suppose 0*n = 4*n - 2*g - 22, -g = -n + 7. Let i(y) = -2*y**2 + n*y**2 - y - y**2 + y**3. Let v be 473/(-121) + 4 + 46/(-22) + 2. Determine i(v).
0
Let f(h) = -h**2 + 8*h - 8. Let k be ((-37)/3 - (-32)/24)*-2. Suppose 2*o = z + 2*z - k, -z + 2*o + 10 = 0. What is f(z)?
4
Let k(g) = -19*g - 121 - g**2 + 86 + 5*g**2 + 53 - 5*g**2. Give k(1).
-2
Let w(f) = -f**2 + 20*f - 9. Suppose -6640 = -285*p - 47*p. Give w(p).
-9
Let k be 0/(-9 + 10) + (-14 - 0). Let m(g) = -g**3 - 10*g**2 + 57*g + 16. Calculate m(k).
2
Let b be 3582/(-2985)*(2/3 - -1). Let j(f) = -9*f - 15. What is j(b)?
3
Let n(o) = o**2 + 8*o**3 - 982 + 493 + 488. What is n(1)?
8
Let g(y) = 4*y + 53. Let a be (-8)/(-6) - (435/27 + 10/45). What is g(a)?
-7
Suppose v - 5*f = 148, 5*f = 2*v + 2*f - 261. Let h = 174 - v. Let r = h + -44. Let k(u) = u**3 - 6*u**2 - 7*u - 9. Give k(r).
-9
Let d(r) = -969*r - 40 + 331*r + 324*r + 321*r. Calculate d(8).
16
Let n = 1350 + -871. Let a = n - 482. Let f(z) = -2*z**3 + 3*z + 4. Determine f(a).
49
Let n be 504/1890 + (-124)/15. Let u(w) = -7*w - 37. What is u(n)?
19
Let d(s) = 6 + 0 + 4*s + 1. Suppose 147*u + 3920 = -343*u. Give d(u).
-25
Let q(k) = k**2 - 10*k + 11. Suppose 7*a + 92 - 1 = 0. Let t(w) = 2*w**2 + 24*w - 17. Let l be t(a). Give q(l).
2
Suppose 0 = 152*i - 118*i - 34. Let q(k) = 4*k**3 + 2*k**2 + 5*k - 6. What is q(i)?
5
Suppose -216 = -2*i + 3*i - 19*i. Let s(r) = r**2 - 14*r + 35. What is s(i)?
11
Let w(u) = -19*u**2 - 817*u + 843. Let x be w(-44). Let c = -9 + 13. Let n(y) = -c*y + 6 + 3*y + 1. Determine n(x).
0
Suppose 18*h = 12 - 48. Let n(r) = -10*r - 37 + 17 + 17. Calculate n(h).
17
Let a(s) = 875*s - 17506. Let q be a(20). Let f(k) = k**3 + 4*k**2 - 8*k - 1. What is f(q)?
-25
Let z(l) = 8*l**2 + 109*l - 111. Let o(y) = -y**2 - 15*y + 16. Let v(a) = -15*o(a) - 2*z(a). Calculate v(0).
-18
Let m(i) = -4*i + 8. Let g(u) = -5*u + 9. Let z(p) = 2*g(p) - 3*m(p). Suppose 3*j + 2*k - 14 + 42 = 0, 2*j - 2*k = -2. Give z(j).
-18
Let z(f) be the second derivative of -f**4/12 - 3*f**3/2 - 10*f**2 - 3621*f. What is z(-5)?
0
Let q(l) = 3*l**2 + 47*l. Let i be q(-16). Let z be -171*(i/3)/8. Let c = 121 + z. Let v(o) = 2*o + 1. What is v(c)?
15
Suppose 4*k 